 11117019.
3, 109, 33997
List the prime factors of 62582.
2, 13, 29, 83
What are the prime factors of 943914?
2, 3, 61, 2579
List the prime factors of 846211.
593, 1427
List the prime factors of 2809361.
41, 68521
List the prime factors of 3098287.
47, 65921
What are the prime factors of 745282?
2, 191, 1951
List the prime factors of 196150.
2, 5, 3923
What are the prime factors of 9074064?
2, 3, 189043
List the prime factors of 1438180.
2, 5, 71909
What are the prime factors of 85819?
85819
What are the prime factors of 28252?
2, 7, 1009
What are the prime factors of 1609264?
2, 23, 4373
What are the prime factors of 27956751?
3, 43, 216719
List the prime factors of 211615.
5, 42323
List the prime factors of 467917.
79, 5923
What are the prime factors of 14518157?
3433, 4229
List the prime factors of 456896.
2, 11, 59
What are the prime factors of 25176?
2, 3, 1049
What are the prime factors of 66377?
66377
List the prime factors of 1691252.
2, 563, 751
What are the prime factors of 28027639?
23, 103, 11831
List the prime factors of 1105386.
2, 3, 184231
What are the prime factors of 105209?
13, 8093
List the prime factors of 1460447.
1460447
What are the prime factors of 1849746?
2, 3, 308291
List the prime factors of 18878763.
3, 43, 146347
List the prime factors of 5345744.
2, 29, 41, 281
What are the prime factors of 771791?
107, 7213
What are the prime factors of 106539?
3, 17, 2089
What are the prime factors of 355192?
2, 29, 1531
List the prime factors of 1870333.
73, 25621
What are the prime factors of 19879?
103, 193
What are the prime factors of 9091441?
9091441
What are the prime factors of 29022920?
2, 5, 113, 6421
What are the prime factors of 51627?
3, 17209
What are the prime factors of 25354411?
25354411
List the prime factors of 500862.
2, 3, 83477
What are the prime factors of 133807?
17, 463
List the prime factors of 265487.
19, 89, 157
What are the prime factors of 588378?
2, 3, 7, 14009
List the prime factors of 2524854.
2, 3, 420809
What are the prime factors of 5250868?
2, 7, 187531
List the prime factors of 231446.
2, 31, 3733
What are the prime factors of 584937?
3, 103, 631
What are the prime factors of 9334677?
3, 11, 282869
What are the prime factors of 1513724?
2, 223, 1697
List the prime factors of 128829.
3, 42943
What are the prime factors of 2590213?
19, 136327
List the prime factors of 565785.
3, 5, 11, 127
List the prime factors of 273269.
273269
What are the prime factors of 19553578?
2, 11, 888799
List the prime factors of 137381.
37, 47, 79
List the prime factors of 240191.
7, 34313
What are the prime factors of 21057948?
2, 3, 194981
List the prime factors of 5621085.
3, 5, 23, 5431
What are the prime factors of 30304079?
13, 593, 3931
What are the prime factors of 13348765?
5, 2669753
What are the prime factors of 14648558?
2, 1979, 3701
What are the prime factors of 20822691?
3, 503, 13799
What are the prime factors of 7799265?
3, 5, 263, 659
List the prime factors of 2019197.
107, 113, 167
List the prime factors of 3437955.
3, 5, 19, 4021
What are the prime factors of 115378?
2, 57689
List the prime factors of 404031.
3, 134677
What are the prime factors of 5177887?
11, 13, 36209
What are the prime factors of 4465045?
5, 13, 73, 941
List the prime factors of 29533992.
2, 3, 37, 79, 421
List the prime factors of 344846.
2, 172423
What are the prime factors of 2523931?
2523931
What are the prime factors of 9414996?
2, 3, 784583
What are the prime factors of 489634?
2, 17, 14401
List the prime factors of 1464563.
1464563
What are the prime factors of 2533537?
31, 81727
What are the prime factors of 865853?
29, 73, 409
What are the prime factors of 3569583?
3, 41, 29021
List the prime factors of 3563860.
2, 5, 73, 2441
List the prime factors of 724520.
2, 5, 59, 307
List the prime factors of 580860.
2, 3, 5, 7, 461
List the prime factors of 218522.
2, 37, 2953
List the prime factors of 7855.
5, 1571
List the prime factors of 26481.
3, 7, 13, 97
What are the prime factors of 207426?
2, 3, 181, 191
What are the prime factors of 257713?
257713
List the prime factors of 7787135.
5, 1557427
What are the prime factors of 276348?
2, 3, 23029
What are the prime factors of 4722712?
2, 397, 1487
What are the prime factors of 26951?
26951
List the prime factors of 6268524.
2, 3, 29, 18013
List the prime factors of 41541.
3, 61, 227
What are the prime factors of 6935263?
29, 239147
What are the prime factors of 52172?
2, 13043
What are the prime factors of 38225?
5, 11, 139
What are the prime factors of 4078369?
19, 214651
What are the prime factors of 2537801?
7, 181, 2003
What are the prime factors of 6387303?
3, 13, 199, 823
List the prime factors of 3794720.
2, 5, 37, 641
What are the prime factors of 5850728?
2, 13, 101, 557
What are the prime factors of 9637957?
7, 28099
List the prime factors of 3008654.
2, 11, 163, 839
List the prime factors of 9310767.
3, 3103589
What are the prime factors of 126245?
5, 7, 3607
What are the prime factors of 117742?
2, 17, 3463
List the prime factors of 86997.
3, 47, 617
List the prime factors of 918091.
23, 179, 223
List the prime factors of 13651181.
1741, 7841
What are the prime factors of 419421?
3, 251, 557
List the prime factors of 2931477.
3, 61, 83, 193
List the prime factors of 1214056.
2, 29, 5233
What are the prime factors of 749528?
2, 13, 7207
What are the prime factors of 1137082?
2, 568541
List the prime factors of 3723891.
3, 197, 6301
What are the prime factors of 751883?
11, 29, 2357
List the prime factors of 222244.
2, 11, 5051
What are the prime factors of 4777640?
2, 5, 7, 113, 151
List the prime factors of 3126214.
2, 7, 13, 89, 193
What are the prime factors of 806023?
806023
What are the prime factors of 1246834?
2, 623417
List the prime factors of 209555.
5, 41911
List the prime factors of 2162371.
19, 113809
What are the prime factors of 866654?
2, 577, 751
List the prime factors of 842109.
3, 280703
List the prime factors of 3647286.
2, 3, 202627
List the prime factors of 1956333.
3, 67, 9733
What are the prime factors of 327122?
2, 163561
What are the prime factors of 135030?
2, 3, 5, 7, 643
What are the prime factors of 2383007?
11, 23, 9419
What are the prime factors of 2445130?
2, 5, 23, 10631
List the prime factors of 14700205.
5, 13, 19, 11903
List the prime factors of 7025604.
2, 3, 585467
What are the prime factors of 1262202?
2, 3, 211, 997
List the prime factors of 4391463.
3, 1463821
List the prime factors of 11054454.
2, 3, 17, 108377
List the prime factors of 195682.
2, 97841
List the prime factors of 214578.
2, 3, 7, 13, 131
List the prime factors of 2282695.
5, 456539
What are the prime factors of 196208?
2, 12263
List the prime factors of 899408.
2, 67, 839
What are the prime factors of 3666935?
5, 733387
What are the prime factors of 23555?
5, 7, 673
List the prime factors of 105446.
2, 11, 4793
List the prime factors of 9928226.
2, 7, 11, 23, 2803
List the prime factors of 8958858.
2, 3, 47, 31769
What are the prime factors of 274593?
3, 11, 53, 157
What are the prime factors of 2244609?
3, 461, 541
List the prime factors of 959670.
2, 3, 5, 10663
List the prime factors of 389804.
2, 19, 23, 223
What are the prime factors of 1205536?
2, 101, 373
What are the prime factors of 2125375?
5, 7, 347
What are the prime factors of 206348?
2, 79, 653
What are the prime factors of 144266?
2, 53, 1361
List the prime factors of 1027693.
1027693
List the prime factors of 480284.
2, 7, 17, 1009
What are the prime factors of 39577?
19, 2083
List the prime factors of 4779693.
3, 29, 18313
List the prime factors of 1624888.
2, 101, 2011
What are the prime factors of 3374521?
3374521
List the prime factors of 301314.
2, 3, 13, 3863
List the prime factors of 1913887.
43, 47, 947
List the prime factors of 4690680.
2, 3, 5, 39089
List the prime factors of 12702575.
5, 508103
What are the prime factors of 147335?
5, 79, 373
What are the prime factors of 2377033?
19, 125107
What are the prime factors of 2964344?
2, 31, 11953
List the prime factors of 1060528.
2, 7, 17, 557
What are the prime factors of 329471?
329471
List the prime factors of 124297.
124297
What are the prime factors of 7512848?
2, 7, 67079
List the prime factors of 997095.
3, 5, 11